common divisor of 30 and 408.
6
What is the highest common factor of 1760 and 2750?
110
What is the highest common factor of 108 and 270?
54
What is the highest common divisor of 370 and 111?
37
Calculate the highest common factor of 132 and 324.
12
What is the greatest common factor of 54 and 243?
27
What is the greatest common factor of 1672 and 88?
88
What is the highest common divisor of 18 and 33?
3
Calculate the greatest common divisor of 2051 and 7.
7
What is the highest common factor of 235 and 10?
5
What is the highest common divisor of 144 and 45?
9
What is the greatest common divisor of 237 and 9717?
237
What is the greatest common factor of 66 and 858?
66
What is the greatest common factor of 1672 and 2888?
152
What is the greatest common divisor of 53181 and 311?
311
Calculate the highest common divisor of 14 and 7.
7
Calculate the highest common divisor of 1899 and 2954.
211
What is the highest common factor of 88 and 2486?
22
Calculate the greatest common factor of 57 and 741.
57
What is the highest common divisor of 556 and 20?
4
Calculate the greatest common divisor of 2175 and 87.
87
Calculate the greatest common divisor of 9052 and 438.
146
What is the greatest common divisor of 10846 and 110?
22
Calculate the highest common factor of 6 and 474.
6
Calculate the highest common factor of 14 and 1841.
7
What is the highest common divisor of 1189 and 261?
29
What is the greatest common factor of 70 and 14?
14
What is the greatest common divisor of 1927 and 41?
41
Calculate the highest common divisor of 5568 and 29.
29
Calculate the highest common factor of 51 and 1513.
17
Calculate the greatest common divisor of 972 and 36.
36
Calculate the greatest common divisor of 1600 and 80.
80
Calculate the greatest common factor of 18019 and 37.
37
What is the greatest common factor of 25585 and 340?
85
What is the highest common factor of 42 and 246?
6
What is the greatest common factor of 44216 and 8?
8
What is the highest common divisor of 190 and 10?
10
Calculate the greatest common divisor of 858 and 1950.
78
Calculate the greatest common factor of 6623 and 2327.
179
Calculate the greatest common factor of 84 and 5691.
21
What is the highest common factor of 4 and 36?
4
What is the highest common divisor of 102 and 6154?
34
Calculate the greatest common divisor of 91 and 416.
13
Calculate the highest common divisor of 630 and 3318.
42
Calculate the greatest common divisor of 153 and 4.
1
Calculate the highest common factor of 20301 and 6.
3
Calculate the highest common divisor of 142 and 96.
2
What is the highest common factor of 103 and 2987?
103
Calculate the greatest common divisor of 24 and 62184.
24
Calculate the greatest common divisor of 135 and 243.
27
What is the greatest common divisor of 528 and 2416?
16
Calculate the highest common divisor of 420 and 735.
105
Calculate the greatest common factor of 3 and 17.
1
Calculate the highest common divisor of 130 and 5655.
65
What is the greatest common divisor of 1615 and 95?
95
What is the highest common factor of 72 and 18900?
36
Calculate the highest common divisor of 12 and 1524.
12
Calculate the highest common divisor of 96 and 726.
6
Calculate the highest common divisor of 378 and 154.
14
What is the highest common divisor of 348 and 12?
12
Calculate the greatest common factor of 3392 and 477.
53
Calculate the greatest common factor of 1 and 163.
1
Calculate the greatest common factor of 13 and 481.
13
Calculate the greatest common divisor of 9472 and 148.
148
Calculate the highest common factor of 160 and 288.
32
Calculate the highest common factor of 328 and 14268.
164
What is the highest common factor of 16 and 2?
2
What is the highest common divisor of 161 and 1472?
23
What is the highest common factor of 99 and 63?
9
What is the highest common factor of 4186 and 3220?
322
Calculate the greatest common factor of 594 and 162.
54
Calculate the highest common divisor of 52 and 572.
52
Calculate the greatest common divisor of 833 and 17.
17
What is the highest common factor of 5629 and 39?
13
Calculate the highest common divisor of 112 and 938.
14
What is the greatest common divisor of 155 and 124?
31
What is the greatest common factor of 558 and 62?
62
What is the greatest common divisor of 575 and 69?
23
What is the greatest common factor of 80 and 5800?
40
What is the greatest common divisor of 5 and 14570?
5
Calculate the highest common divisor of 164 and 12.
4
What is the greatest common factor of 665 and 247?
19
What is the greatest common factor of 46 and 37?
1
What is the highest common divisor of 200 and 41100?
100
Calculate the greatest common divisor of 12 and 156.
12
Calculate the greatest common divisor of 88 and 792.
88
Calculate the highest common divisor of 23 and 112.
1
What is the highest common divisor of 6 and 2?
2
Calculate the greatest common factor of 1 and 813.
1
What is the greatest common factor of 21 and 63?
21
Calculate the highest common divisor of 144 and 30.
6
What is the highest common factor of 125 and 50?
25
Calculate the greatest common divisor of 18 and 1278.
18
What is the greatest common factor of 709 and 3?
1
What is the greatest common factor of 134 and 67?
67
Calculate the highest common factor of 22 and 80399.
11
What is the greatest common divisor of 56 and 94?
2
What is the greatest common divisor of 1602 and 54?
18
Calculate the greatest common divisor of 8561 and 35.
7
What is the greatest common divisor of 67 and 1072?
67
Calculate the greatest common divisor of 608 and 722.
38
What is the greatest common factor of 1378 and 52?
26
What is the highest common divisor of 630 and 24?
6
Calculate the greatest common divisor of 1034 and 47.
47
What is the highest common factor of 11414 and 26?
26
Calculate the highest common factor of 2 and 163.
1
What is the greatest common divisor of 63 and 93618?
63
Calculate the highest common factor of 345 and 138.
69
Calculate the highest common factor of 285 and 38.
19
What is the highest common divisor of 126 and 567?
63
What is the highest common factor of 381 and 3175?
127
What is the greatest common factor of 1050 and 1785?
105
What is the greatest common divisor of 27398 and 103?
103
What is the greatest common divisor of 72 and 24?
24
Calculate the highest common factor of 45 and 81.
9
Calculate the highest common divisor of 182 and 287.
7
What is the greatest common divisor of 25 and 800?
25
What is the highest common divisor of 1118 and 78?
26
Calculate the greatest common divisor of 78 and 6.
6
What is the highest common divisor of 528 and 726?
66
Calculate the greatest common divisor of 330 and 88.
22
What is the highest common factor of 14739 and 51?
51
What is the highest common divisor of 1232 and 196?
28
Calculate the greatest common factor of 43 and 172.
43
Calculate the highest common divisor of 45 and 45.
45
Calculate the highest common divisor of 15204 and 42.
42
Calculate the highest common divisor of 36 and 1107.
9
What is the greatest common factor of 350 and 475?
25
What is the highest common divisor of 1614 and 9?
3
Calculate the greatest common factor of 1204 and 224.
28
What is the highest common divisor of 22493 and 83?
83
What is the highest common factor of 210 and 3318?
42
Calculate the greatest common factor of 175 and 19775.
175
Calculate the greatest common factor of 10 and 22.
2
What is the greatest common factor of 112 and 14?
14
What is the greatest common divisor of 434 and 56?
14
What is the highest common divisor of 32 and 24?
8
What is the greatest common divisor of 910 and 1645?
35
Calculate the greatest common divisor of 3185 and 13.
13
What is the greatest common divisor of 29 and 3277?
29
Calculate the greatest common factor of 135 and 15.
15
Calculate the greatest common factor of 30521 and 23.
23
What is the greatest common factor of 74 and 370?
74
What is the highest common divisor of 168 and 56?
56
What is the highest common factor of 39 and 169?
13
What is the highest common factor of 45 and 369?
9
What is the greatest common factor of 54 and 288?
18
What is the greatest common factor of 1058 and 46?
46
Calculate the greatest common divisor of 84 and 876.
12
Calculate the highest common factor of 28 and 84.
28
What is the highest common divis